{"id":9,"date":"2016-03-22T19:27:35","date_gmt":"2016-03-22T19:27:35","guid":{"rendered":"http:\/\/arnim-emrich.de\/?page_id=9"},"modified":"2022-10-12T09:44:25","modified_gmt":"2022-10-12T09:44:25","slug":"ueber-mich","status":"publish","type":"page","link":"https:\/\/arnim-emrich.de\/?page_id=9","title":{"rendered":"\u00dcber mich"},"content":{"rendered":"<div class=\"cc-m-hgrid-column last\">\n<div id=\"cc-matrix-1964573486\">\n<div id=\"cc-m-8129185086\" class=\"j-module n j-text \">\n<p><img loading=\"lazy\" class=\"alignnone wp-image-22 size-full\" src=\"https:\/\/arnim-emrich.de\/wp-content\/uploads\/2016\/03\/Emrich_mit-Gro\u00dfvater_klein_s-w.jpg\" alt=\"Emrich_mit Gro\u00dfvater_klein_s-w\" width=\"1281\" height=\"1101\" srcset=\"https:\/\/arnim-emrich.de\/wp-content\/uploads\/2016\/03\/Emrich_mit-Gro\u00dfvater_klein_s-w.jpg 1281w, https:\/\/arnim-emrich.de\/wp-content\/uploads\/2016\/03\/Emrich_mit-Gro\u00dfvater_klein_s-w-300x258.jpg 300w, https:\/\/arnim-emrich.de\/wp-content\/uploads\/2016\/03\/Emrich_mit-Gro\u00dfvater_klein_s-w-768x660.jpg 768w, https:\/\/arnim-emrich.de\/wp-content\/uploads\/2016\/03\/Emrich_mit-Gro\u00dfvater_klein_s-w-1024x880.jpg 1024w, https:\/\/arnim-emrich.de\/wp-content\/uploads\/2016\/03\/Emrich_mit-Gro\u00dfvater_klein_s-w-407x350.jpg 407w\" sizes=\"(max-width: 1281px) 100vw, 1281px\" \/><\/p>\n<p>Ich bin 1982 in Oberkirch geboren, habe nach einem Studium zum Diplom-Kaufmann in einer Unternehmensberatung gearbeitet, bevor ich Referatsleiter im Finanzministerium Baden-W\u00fcrttembergs wurde.<\/p>\n<p><strong>\u201eDer Fremde\u201c<\/strong> ist mein erster Roman, der die wahre Geschichte meines siebenb\u00fcrgischen Gro\u00dfvaters erz\u00e4hlt. Ich begann mit den Arbeiten an dem Roman, nachdem ich ein Jahr im Heimatland des Gro\u00dfvaters gelebt und Sprache und Kultur kennengelernt hatte. Ich lebe mit meiner Frau Daniela in Stuttgart, wo sie ein Caf\u00e9 im historischen Bohnenviertel betreibt, in dem man auch mich h\u00e4ufiger antrifft.<\/p>\n<\/div>\n<p>Auf <strong>meinem Blog<\/strong> ver\u00f6ffentliche ich seit Februar 2019 neben Artikeln \u00fcber meinen Roman auch weitere Kurzgeschichten und Artikel \u00fcber meinen Blick auf Gesellschaft und Leben.<\/p>\n<\/div>\n<\/div>\n","protected":false},"excerpt":{"rendered":"<p>Ich bin 1982 in Oberkirch geboren, habe nach einem Studium&#8230;<\/p>\n<div class=\"more-link-wrapper\"><a class=\"more-link\" href=\"https:\/\/arnim-emrich.de\/?page_id=9\">Beitrag lesen<span class=\"screen-reader-text\">\u00dcber mich<\/span><\/a><\/div>\n","protected":false},"author":3,"featured_media":0,"parent":0,"menu_order":4,"comment_status":"closed","ping_status":"closed","template":"","meta":{"_seopress_robots_primary_cat":""},"_links":{"self":[{"href":"https:\/\/arnim-emrich.de\/index.php?rest_route=\/wp\/v2\/pages\/9"}],"collection":[{"href":"https:\/\/arnim-emrich.de\/index.php?rest_route=\/wp\/v2\/pages"}],"about":[{"href":"https:\/\/arnim-emrich.de\/index.php?rest_route=\/wp\/v2\/types\/page"}],"author":[{"embeddable":true,"href":"https:\/\/arnim-emrich.de\/index.php?rest_route=\/wp\/v2\/users\/3"}],"replies":[{"embeddable":true,"href":"https:\/\/arnim-emrich.de\/index.php?rest_route=%2Fwp%2Fv2%2Fcomments&post=9"}],"version-history":[{"count":8,"href":"https:\/\/arnim-emrich.de\/index.php?rest_route=\/wp\/v2\/pages\/9\/revisions"}],"predecessor-version":[{"id":311,"href":"https:\/\/arnim-emrich.de\/index.php?rest_route=\/wp\/v2\/pages\/9\/revisions\/311"}],"wp:attachment":[{"href":"https:\/\/arnim-emrich.de\/index.php?rest_route=%2Fwp%2Fv2%2Fmedia&parent=9"}],"curies":[{"name":"wp","href":"https:\/\/api.w.org\/{rel}","templated":true}]}}